s of u(n)?
2, 3
Let g = 26737 - -27069. What are the prime factors of g?
2, 26903
Suppose -x = 2*y - 36 - 63, -x = 3*y - 148. Let z = -46 + y. Suppose -5 = -z*l - 14, 3*o - 345 = l. What are the prime factors of o?
2, 3, 19
Suppose s + 5*p = 240, -5*p + 55 = 2*s - 405. Let j = s - -84. What are the prime factors of j?
2, 19
Let q(j) = 2*j**3 + 4*j**2 - 6*j. Let b be q(-3). Suppose 35*f - 8225 - 1995 = b. List the prime factors of f.
2, 73
Let y(v) = v**2 + 7*v - 12. Let t be 36/5 + (-6)/30. Let c be y(t). List the prime factors of 4 + 4 + (c - 3).
7, 13
What are the prime factors of (92/2)/((-2)/(-1194))?
2, 3, 23, 199
Suppose 130 = 2*q - 0*q. Suppose 0 = -6*m - q + 23. What are the prime factors of m - -7 - (-113 + -1 + 0)?
2, 3, 19
Suppose 3*d - 3*a - 21 = 0, 7 = -2*a + 5. Suppose -1739 - 103 = -d*l. List the prime factors of l.
307
Let t(x) = 1151*x - 3569. List the prime factors of t(6).
47, 71
Suppose -2*y = -2*s - 14, -4*y + 2*y + s + 10 = 0. Suppose 24*j + 2775 = y*l + 29*j, l - 905 = 5*j. List the prime factors of l.
2, 5, 23
Let d(z) be the second derivative of z**4/6 + 5*z**2/2 + 15*z. Let l(c) be the first derivative of d(c). List the prime factors of l(19).
2, 19
Let r be (-48)/40 - (-1)/5. What are the prime factors of (2 + r)/(2/498)?
3, 83
Let l(n) = 7*n + 2. Let s(u) = u**2 - 4*u - 7. Let i be s(5). Let m be l(i). What are the prime factors of (-3)/m - (2 + 115/(-4))?
3
Let v(q) = -5*q - 10. Let j be v(-4). Suppose 12*i - 1204 = j*i. List the prime factors of i.
2, 7, 43
Let u(f) = -f**3 + 13*f**2 + 16*f - 26. Let a be u(14). Let n be (350 - a)*(2 - (-6)/(-4)). Let l = n - 88. List the prime factors of l.
2, 43
Let j(l) be the third derivative of 65*l**4/24 - 3*l**3/2 + 96*l**2. What are the prime factors of j(2)?
11
Let d(y) = -8 + 30*y**2 - 5*y**3 + 6*y - 23*y + 3*y**3 + 28. What are the prime factors of d(11)?
3, 89
Suppose -10*g + 263 = -5*m - 6*g, -290 = 5*m + 5*g. List the prime factors of (-24)/9*(m/2 - -2).
2, 17
Let z(b) = 12*b**2 + 5*b - 4. Suppose -4*i + 141 = 5*q, -5*q + 9*q + 5*i = 111. Suppose 22*m = q*m + 28. What are the prime factors of z(m)?
2, 3, 7
Suppose 4*l + 5*y = 45707, -4*l + 45742 = -0*l - 2*y. What are the prime factors of l?
3, 37, 103
Suppose -118151 = -11*k - 979. What are the prime factors of k?
2, 2663
Suppose -160216 = -4*d - 5*m, -2*d + 3*m + 48473 + 31657 = 0. List the prime factors of d.
3, 4451
Suppose -84 = 7*v - 3*v. Let x = v + 12. Let y = 64 - x. List the prime factors of y.
73
Let v be (-35)/(-9) - (-25)/225. Suppose -195 = -v*x - 115. List the prime factors of (6 + (-648)/30)*x/(-3).
2, 13
Suppose 0 = 6*z - 453 - 411. Suppose -3*a - 55 = 95. Let m = z + a. List the prime factors of m.
2, 47
Let s = 19 + -15. Let k be (12/4)/(2/8*s). Suppose -k*a + 35 = -214. List the prime factors of a.
83
Let x be (-2)/(((-6)/29)/(-3)). Let l(z) = -45*z + 52. Let k be l(-1). Let d = k - x. What are the prime factors of d?
2, 3, 7
Suppose -5*b + 4*b = -2410. Suppose 0 = 5*d - 2*c - b, d + 2*c + 0*c = 494. Suppose d = 4*o - 0*h + 2*h, 131 = o - 2*h. List the prime factors of o.
3, 41
Suppose -636 = -13*h + 17*h. Let o = -226 - h. Let j = o + 145. List the prime factors of j.
2, 3, 13
Suppose 2*v - 15 = -1. Suppose -3*h - 25 = -4*a, 9*h - 10 = -4*a + v*h. Suppose -5*q = a*x - 1109, 1417 = 5*x - 4*q - 0*q. List the prime factors of x.
281
Suppose c - 412 = -4*r, 35*r - 34*r = 3*c - 1275. Let i = 843 + c. List the prime factors of i.
7, 181
Let u = 132042 - 392010. List the prime factors of 4/(-30) + (u/90)/(-4).
2, 19
Let o(m) = 33*m**2 - 5*m + 806. What are the prime factors of o(-30)?
2, 479
Let b(k) = -182*k - 47. Suppose 253 - 229 = -8*h. List the prime factors of b(h).
499
Let t be -2 + (8/4)/1. Suppose t = 3*k + 3, -1 - 76 = -a + 2*k. Let f = 47 + a. List the prime factors of f.
2, 61
Let f(i) = -2*i**3 + 8*i**2 - 108. Let w be f(9). Let s = w - -1868. List the prime factors of s.
2, 5, 19
Suppose -5*g = -4*l - 81617, -13*l + 18*l - 81635 = -5*g. What are the prime factors of g?
5, 653
Suppose 1002 = -9*n + 273. Let o = -1 - n. What are the prime factors of o?
2, 5
Let h(l) be the second derivative of 437*l**3/6 + 3*l**2/2 - 96*l. List the prime factors of h(1).
2, 5, 11
Let z(n) = -37*n + 66. Let d(g) = 147*g - 264. Let p(q) = -2*d(q) - 9*z(q). List the prime factors of p(22).
2, 3, 11
Let m = 80830 - 46948. What are the prime factors of m?
2, 3, 5647
Let v be 1 + 46 + 3/3. Let o = v + -28. Suppose 24*a - 396 = o*a. List the prime factors of a.
3, 11
Suppose 5*d - 2*q - 27790 = 0, -8045 - 8615 = -3*d + 4*q. Suppose 0 = 5*u, 3*t + 3*u = -2*t + d. List the prime factors of t.
2, 139
Suppose -1098 = 11*t - 2814. Let w = t + -85. Let f = -20 + w. What are the prime factors of f?
3, 17
Let p be (60/24*2)/(2/12). Suppose 3*f = p*f - 4995. What are the prime factors of f?
5, 37
Let n = -8208 - -14021. List the prime factors of n.
5813
Suppose 0 = 21*m - 17*m + 296. Let d = m - -61. Let a(s) = -s**3 - 12*s**2 + 4*s - 29. List the prime factors of a(d).
2, 11
Suppose 5*v + 59 = 14. Let j be (-5 - -2)*75/v. Let b = 5 + j. List the prime factors of b.
2, 3, 5
Let r = 7499 - -788. What are the prime factors of r?
8287
Suppose 0 = -5*b + 6*b - 5, 1563 = 4*q - 5*b. Let s = 1310 - q. What are the prime factors of s?
11, 83
Let b(r) = 52 + 20*r**2 - 98 - 134 + 3*r + 29*r - r**2. List the prime factors of b(5).
5, 7, 13
Let j(z) = z**3 - 30*z**2 - 29*z - 59. Let x be j(31). Let s(r) = 27*r**2 + 10*r - 29. List the prime factors of s(x).
2, 61
Let a = -6523 + 21702. List the prime factors of a.
43, 353
Let h(i) = 2*i**2 + 23*i + 30. Let w be h(-14). Suppose 0*b = -2*b + 10. Suppose -2*z = -3*f + 50, 4*z = -b*f - z + w. What are the prime factors of f?
2, 3
Suppose -8*y + 5*y - 5*z = -45952, -5*y + 2*z = -76628. What are the prime factors of y?
2, 3, 1277
Let h(x) be the first derivative of 6*x**2 + 7*x - 103. Suppose -3*t + 11 = -7. List the prime factors of h(t).
79
Suppose -x + 2*x - 22 = 0. Let d = 102 - x. What are the prime factors of d?
2, 5
Suppose -3*v + 21 = 0, -8*i - 121671 = -10*i + 3*v. List the prime factors of i.
2, 3, 10141
Let o(k) = -642*k**3 - 7*k**2 - 18*k - 19. List the prime factors of o(-2).
5, 41
Suppose 0 = -165*b + 159*b + 72. Suppose -b*z - y = -11*z - 952, -3*z = -y - 2852. What are the prime factors of z?
3, 317
Let h be (10 - 10)/(2/1). Suppose -21*b + 9806 + 19615 = h. List the prime factors of b.
3, 467
Suppose -5*z = -164905 - 36795. List the prime factors of z.
2, 5, 2017
Suppose -m - 1106 = -3*p + 19313, -4*p = -6*m - 27230. List the prime factors of p.
2, 41, 83
What are the prime factors of 3*-3 - (-2 - 0)*2614?
17, 307
What are the prime factors of (-10080)/(-40)*(2*1)/(18/672)?
2, 3, 7
Suppose -5*b - 41 = 39. Let a be (2*3 - b/(-24))*-9. What are the prime factors of 594/8 - 36/a?
3, 5
Let x(b) = 10*b**2 + 38*b - 17. What are the prime factors of x(33)?
67, 181
Suppose 4*b - 5*m - 45 = 0, 4*m + 45 = 4*b + b. Suppose 8*n = b*n - 576. Let k = -130 - n. What are the prime factors of k?
2, 31
Suppose -6*c = -4*c + 330. List the prime factors of (-10)/(-4 + (-650)/c).
3, 5, 11
Let i(r) = -r**2 + 2*r + 19. Let x be i(5). Let a be (1 + x)*(-6)/(-10) - -1. Suppose -a*b + 141 = -87. What are the prime factors of b?
3, 19
Let a(x) be the second derivative of x**4/3 - x**3 - 17*x**2/2 + 2*x - 7. List the prime factors of a(6).
7, 13
Let z be ((-1 + 0)*-29)/(33 + -34). Suppose 149 = -0*j + j. Let a = z + j. List the prime factors of a.
2, 3, 5
Let k(d) = 14*d - 76. Let x be k(7). Let c = 134 - x. List the prime factors of c.
2, 7
Suppose -104*m = 163*m - 663645 - 8969982. What are the prime factors of m?
3, 19, 211
Let f(g) = 2*g**2 - 2*g + 9. Suppose 15*w - 19*w = 52. What are the prime factors of f(w)?
373
Let y(u) = 11*u**2 + 39*u + 18. Let w be y(-15). Suppose -49*c + w = 4*c. What are the prime factors of c?
2, 3
Suppose 45*j - 9628 = -c + 49*j, 4*c - j = 38557. What are the prime factors of c?
2, 5, 241
Let z(w) = 3*w**2 + 10*w + 41. Suppose -2*p - 3*l + 54 = -5*p, -4*p - l = 52. List the prime factors of z(p).
3, 163
Let n(f) = f**2 - 3*f + 2. Let d be n(3). Suppose d*h = -4*m + 810, -4*h + 8*h - 1646 = 5*m. What are the prime factors of h?
409
Suppose -3*c - 84 = -420. Suppose 